the tens digit of 1450052?
5
What is the hundred thousands digit of 7874919?
8
What is the thousands digit of 1186801?
6
What is the ten thousands digit of 157840?
5
What is the thousands digit of 2201390?
1
What is the hundreds digit of 313417?
4
What is the ten thousands digit of 165611?
6
What is the hundred thousands digit of 985412?
9
What is the tens digit of 867837?
3
What is the millions digit of 6798150?
6
What is the hundreds digit of 15561674?
6
What is the hundreds digit of 427968?
9
What is the ten thousands digit of 28741077?
4
What is the thousands digit of 309587?
9
What is the hundreds digit of 127041?
0
What is the hundreds digit of 197262?
2
What is the hundred thousands digit of 150070?
1
What is the hundreds digit of 227345?
3
What is the ten thousands digit of 443046?
4
What is the units digit of 189788?
8
What is the tens digit of 24888624?
2
What is the thousands digit of 1567050?
7
What is the tens digit of 170653?
5
What is the hundred thousands digit of 34854093?
8
What is the ten thousands digit of 7357655?
5
What is the tens digit of 2005799?
9
What is the units digit of 1059879?
9
What is the ten thousands digit of 1276289?
7
What is the hundred thousands digit of 9790453?
7
What is the hundreds digit of 1684831?
8
What is the thousands digit of 15395560?
5
What is the tens digit of 444661?
6
What is the hundred thousands digit of 1992384?
9
What is the hundreds digit of 216026?
0
What is the thousands digit of 5157696?
7
What is the hundred thousands digit of 7555378?
5
What is the tens digit of 885165?
6
What is the units digit of 3411054?
4
What is the hundreds digit of 12752565?
5
What is the hundreds digit of 414945?
9
What is the tens digit of 98007?
0
What is the ten millions digit of 16340906?
1
What is the tens digit of 4760149?
4
What is the thousands digit of 866878?
6
What is the millions digit of 7990824?
7
What is the units digit of 11106552?
2
What is the hundred thousands digit of 8378522?
3
What is the units digit of 95344?
4
What is the ten thousands digit of 143528?
4
What is the thousands digit of 24230206?
0
What is the thousands digit of 1392068?
2
What is the units digit of 105248?
8
What is the units digit of 1183183?
3
What is the thousands digit of 597366?
7
What is the hundreds digit of 1203573?
5
What is the hundreds digit of 20557299?
2
What is the ten thousands digit of 5371830?
7
What is the millions digit of 12572587?
2
What is the ten thousands digit of 274248?
7
What is the thousands digit of 581746?
1
What is the units digit of 67028?
8
What is the units digit of 154283?
3
What is the tens digit of 11644579?
7
What is the millions digit of 3259995?
3
What is the hundred thousands digit of 9984931?
9
What is the hundred thousands digit of 1070518?
0
What is the hundreds digit of 7626865?
8
What is the ten thousands digit of 5862418?
6
What is the units digit of 2349240?
0
What is the thousands digit of 10798931?
8
What is the ten thousands digit of 3066393?
6
What is the ten thousands digit of 4649618?
4
What is the units digit of 3041831?
1
What is the thousands digit of 23440?
3
What is the thousands digit of 123231?
3
What is the ten thousands digit of 35737?
3
What is the millions digit of 1215927?
1
What is the hundred thousands digit of 769921?
7
What is the thousands digit of 14207144?
7
What is the millions digit of 16610472?
6
What is the millions digit of 5255806?
5
What is the units digit of 15364602?
2
What is the hundred thousands digit of 190441?
1
What is the millions digit of 25580913?
5
What is the hundreds digit of 262565?
5
What is the tens digit of 7263102?
0
What is the hundred thousands digit of 614060?
6
What is the hundred thousands digit of 2901604?
9
What is the units digit of 196452?
2
What is the tens digit of 16691961?
6
What is the hundreds digit of 484815?
8
What is the thousands digit of 12849023?
9
What is the millions digit of 1542501?
1
What is the hundreds digit of 100375?
3
What is the ten thousands digit of 6202971?
0
What is the units digit of 137049?
9
What is the units digit of 4937515?
5
What is the ten thousands digit of 192591?
9
What is the tens digit of 326284?
8
What is the millions digit of 1666231?
1
What is the thousands digit of 486322?
6
What is the thousands digit of 866900?
6
What is the hundred thousands digit of 6537223?
5
What is the ten millions digit of 12698318?
1
What is the tens digit of 122231?
3
What is the tens digit of 5024809?
0
What is the thousands digit of 7831203?
1
What is the hundreds digit of 159171?
1
What is the hundred thousands digit of 128400?
1
What is the tens digit of 392824?
2
What is the hundred thousands digit of 4530426?
5
What is the hundreds digit of 885668?
6
What is the hundred thousands digit of 376484?
3
What is the ten thousands digit of 48798?
4
What is the hundred thousands digit of 4368707?
3
What is the thousands digit of 38740266?
0
What is the thousands digit of 15530100?
0
What is the hundred thousands digit of 241943?
2
What is the thousands digit of 23414557?
4
What is the thousands digit of 3895191?
5
What is the thousands digit of 1019908?
9
What is the hundreds digit of 1555569?
5
What is the hundreds digit of 471491?
4
What is the ten thousands digit of 669480?
6
What is the hundreds digit of 141517?
5
What is the tens digit of 3239474?
7
What is the units digit of 776096?
6
What is the thousands digit of 2311746?
1
What is the thousands digit of 190082?
0
What is the thousands digit of 6374210?
4
What is the thousands digit of 581462?
1
What is the tens digit of 5100960?
6
What is the hundred thousands digit of 5159378?
1
What is the thousands digit of 133147?
3
What is the hundreds digit of 274863?
8
What is the ten thousands digit of 209963?
0
What is the ten thousands digit of 736435?
3
What is the units digit of 31930758?
8
What is the thousands digit of 213277?
3
What is the ten thousands digit of 4424647?
2
What is the hundreds digit of 922498?
4
What is the thousands digit of 11250?
1
What is the ten thousands digit of 341856?
4
What is the thousands digit of 433083?
3
What is the hundred thousands digit of 1631176?
6
What is the millions digit of 3492953?
3
What is the tens digit of 6094919?
1
What is the hundreds digit of 3171202?
2
What is the hundred thousands digit of 5108043?
1
What is the hundred thousands digit of 145108?
1
What is the tens digit of 17315?
1
What is the thousands digit of 109201?
9
What is the tens digit of 863886?
8
What is the units digit of 397090?
0
What is the units digit of 207990?
0
What is the hundred thousands digit of 728873?
7
What is the millions digit of 12986153?
2
What is the hundred thousands digit of 2619609?
6
What is the hundred thousands digit of 4670145?
6
What is the hundred thousands digit of 1127724?
1
What is the thousands digit of 2486015?
6
What is the thousands digit of 3758611?
8
What is the millions digit of 10010773?
0
What is the hundred thousands digit of 828416?
8
What is the millions digit of 2757231?
2
What is the ten thousands digit of 505909?
0
What is the hundred thousands digit of 1079483?
0
What is the hundreds digit of 61506?
5
What is the ten thousands digit of 195160?
9
What is the hundred thousands digit of 549575?
5
What is the ten thousands digit of 182534?
8
What is the hundred thousands digit of 1325702?
3
What is the ten thousands digit of 1880560?
8
What is the tens digit of 995756?
5
What is the tens digit of 6930977?
7
What is the ten thousands digit of 419474?
1
What is the hundreds digit of 3159181?
1
What is the hundred thousands digit of 109907?
1
What is the units digit of 3577613?
3
What is the hundred thousands digit of 704335?
7
What is the tens digit of 1367861?
6
What is the hundreds digit of 3441213?
2
What is the units digit of 1875271?
1
What is the thousands digit of 1318311?
8
What is the hundred thousands digit of 17878114?
8
What is the hundred thousands digit of 676839?
6
What is the thousands digit of 6209763?
9
What is the thousands digit of 1241837?
1
What is the ten thousands digit of 251521?
5
What is the ten thousands digit of 7557878?
5
What is the ten thousands digit of 179032?
7
What is the units digit of 121103?
3
What is the hundreds digit of 1734973?
9
What 